e tens digit of c?
1
Suppose -n - 3*n = -308. What is the units digit of n?
7
Let h = 40 - 8. Suppose -44 = -4*j + h. What is the tens digit of j?
1
Let g = -8 + 15. Suppose -3*f + 95 + g = 0. What is the units digit of f?
4
Suppose -3*z + 7*z = 148. What is the units digit of z?
7
Let j(f) = f**3 + 11*f**2 - f. What is the tens digit of j(-11)?
1
Suppose 3*c + 900 = 9*c. What is the units digit of c?
0
Suppose 0 = 2*k - 2, 3*k = -5*r - k + 39. Suppose 0 = -l + 2, -2*n - l = 3*n - 12. Suppose r = -n*b + 23. What is the units digit of b?
8
Let z(a) = -2*a**2. Suppose 0 - 5 = -5*m. Let b be z(m). Let l(j) = -j**2 - 4*j + 1. What is the units digit of l(b)?
5
Let i be ((-1)/3)/(1/(-3)). Let k = 2 + i. What is the units digit of (1 - k)*2/(-4)?
1
Suppose -4*t + 12 = 0, -5*p + 0*t - t + 23 = 0. Let b be (-3)/(-3) - -1*p. Suppose 1 = r - b. What is the units digit of r?
6
Suppose -124*t = -126*t + 38. What is the units digit of t?
9
Suppose -4*a = -3*y + 223 - 37, -62 = -y - 4*a. What is the units digit of y?
2
Let m = 307 - 455. What is the units digit of 2/(-8) - m/16?
9
Suppose 3*s = 2*s + 2*f + 199, 0 = s + f - 202. What is the tens digit of s?
0
Suppose -2*m + 4*m = -42. Let d = m + 35. What is the units digit of d?
4
Suppose 56 = q - 2*r, 0*r + 232 = 4*q - 4*r. What is the units digit of q?
0
Suppose -6*m + m + 235 = 0. Suppose 5*l = -4*z - m, -6*l = 5*z - l + 55. Let y(k) = -3*k - 5. What is the units digit of y(z)?
9
Let r(c) = -c**3 - c**2 + 5*c + 2. Let o be r(-3). Suppose 6*w - 3*w - 5*m - 89 = 0, o*w = 5*m + 155. Suppose -3*l + 0*l = -w. What is the tens digit of l?
1
Let z = 523 - 295. What is the hundreds digit of z?
2
Suppose -3*h = 4 + 14. What is the units digit of ((-33)/h*6)/1?
3
Let u(f) be the first derivative of -f**3/3 - f**2 + f + 1. Let a be u(-3). What is the units digit of 1 + a + 3 + 3?
5
Let d(z) = 3*z**3 - 5*z**2 - 4*z + 4. What is the hundreds digit of d(4)?
1
Let h = -29 - 21. Let p = h + 31. Let f = -13 - p. What is the units digit of f?
6
Suppose -b = 5*g - 6*b + 5, 4*g = 5*b - 9. Suppose 3*n - 3*x = -11 - 7, g*n + 34 = -x. Let v = -6 - n. What is the units digit of v?
2
Let p(q) = -q**2 - 7*q - 1. Suppose 5*h + 14 = -11. What is the units digit of p(h)?
9
Suppose -2*k = -3 - 5. Suppose k*u + 2*a - 140 = 0, 2*u + 0*u = 2*a + 64. What is the units digit of u?
4
Suppose 4*r - 9 = r. Suppose -m + 3*z = -0*m - 15, r*m - 10 = 2*z. Suppose 0 = -i - i - 3*s + 10, 4*i + s - 40 = m. What is the units digit of i?
1
Suppose -5*f = 3*n - 154, -3*n + 30 = -3*f - 108. What is the units digit of n?
8
Let r = -7 + 7. Suppose 0 = -5*a - r*a + 15. Suppose 0 = 2*u + a*u - 50. What is the units digit of u?
0
Suppose 5*x - 2*x = 381. What is the units digit of x?
7
Let r(p) = 84*p - 8. What is the units digit of r(3)?
4
Let z = 7 + 7. What is the units digit of z?
4
Let q(k) = k + 7. Let p be q(-5). Let s(d) = d**2 - 2*d + 3. Let g be s(p). Suppose 4*a - 5 = g*a. What is the units digit of a?
5
Let g(q) = 77*q - 30. What is the units digit of g(3)?
1
Let s(m) = 38*m - 42. What is the hundreds digit of s(6)?
1
Let o = -8 - -4. Let u(r) = -2*r + 9. What is the tens digit of u(o)?
1
Let r(z) = -z**2 + 6*z + 56. What is the units digit of r(11)?
1
Suppose -3*o + 4*x = 8, 5*x = -4*o + 35 + 6. Let l be (-1 + -5)/(21/(-14)). Suppose -l*k = k - p - 67, -48 = -o*k - 2*p. What is the tens digit of k?
1
Let j = 2 - -3. Suppose -v + 6*v - 15 = 0. Suppose -j*s + v = -2. What is the units digit of s?
1
Let r(k) = 2 + 3 - 2*k + 1. What is the units digit of r(-10)?
6
Let p(h) be the third derivative of h**5/30 + h**4/8 + h**3/6 - 2*h**2. What is the tens digit of p(-3)?
1
Suppose 284 = 6*z - 2*z. What is the tens digit of z?
7
Let n = -23 + 29. What is the units digit of n?
6
Suppose -6*c + 128 = -10*c. Let w = 74 + c. What is the tens digit of w?
4
Let v be 3 + (-7 - 3) + -3. What is the units digit of 3/(-5) - 166/v?
6
Suppose 89 = 4*l + 21. What is the units digit of l?
7
Let w(j) = j - 19. Let h be w(0). Let v = h - -30. Let n = v - 3. What is the units digit of n?
8
Let h = 5 - 5. Suppose 4*a = -4*v + 12, h = -3*v - 2*v + 4*a - 3. What is the units digit of v?
1
Let i = 4 - 1. Suppose i*q - 15 = 3. What is the units digit of q?
6
Suppose -2*i + 165 = 4*d - 389, 4*i - 4*d - 1084 = 0. What is the hundreds digit of i?
2
Let j(q) = q**2 - 4*q - 1. Let y(c) = c + 4. Let d be y(3). What is the units digit of j(d)?
0
Let p(f) = -6*f - 1. Let j be p(-1). Suppose 0 = -j*g + 3 + 12. What is the units digit of g?
3
Suppose f - 15 = 3*u, -4 = 2*u + 4. Suppose -4*h + f*t + 39 = 0, t + 6 + 15 = 2*h. What is the units digit of h?
2
Suppose 0 = 5*c - x - 3*x - 34, -4*c = -2*x - 26. Suppose 5*b + 19 = c*b. What is the tens digit of b?
1
Let p = 5 + 0. Suppose 1 + 14 = p*b. Suppose a = b*a - 20. What is the units digit of a?
0
Suppose 2*v + 4*x = 0, -3*v + 3*x + 22 = v. What is the tens digit of (-10)/(-2)*(4 + v)?
4
Let t(o) = o**2 + 4*o + 5. Let p = -13 + 8. What is the tens digit of t(p)?
1
Let f(k) = k + 13. Let h(i) = -i**2 + 3*i. Let c be h(3). What is the tens digit of f(c)?
1
Let n(q) = 26*q**2 + q - 1. Let d be n(1). Let t = 47 - d. Let s = t - 14. What is the units digit of s?
7
Let o = 22 - 14. Let r be (2 + -1)*(6 + -6). Let a = r + o. What is the units digit of a?
8
Let q(g) = g**2 + 4*g + 28. What is the tens digit of q(-13)?
4
Suppose 4*n + 4*a = 48, 2*a + 8 = n + a. Suppose -2*l + 7*l - n = 0. What is the units digit of l?
2
What is the hundreds digit of (-258 + 4)*(-1)/2?
1
Suppose -10*x - 2*x + 1152 = 0. What is the tens digit of x?
9
Suppose k + p = 40, p = -0*k + k - 38. What is the units digit of k?
9
Let w(a) = -a**3 - 18*a**2 + 18*a + 19. What is the units digit of w(-19)?
8
Let v(g) = -8*g + 13. Let c(z) = -7*z + 12. Let n(f) = -7*c(f) + 6*v(f). Let t be n(8). Let j = t + 1. What is the units digit of j?
3
Suppose f + 0*d = 2*d + 7, 4 = -2*d. Let q(r) = 2*r + 1. What is the units digit of q(f)?
7
Suppose 2*u = -0*o + 2*o - 32, 5*u = -o - 8. What is the tens digit of o?
1
Let o(n) = n + 22. What is the tens digit of o(-5)?
1
Let i = 64 - -151. What is the tens digit of i?
1
Suppose -2*r = -p - p + 2, -3*r = 3*p - 27. Suppose 0 = 4*d + 4, r*a + d = 5*d + 144. What is the units digit of a?
5
Let i(q) = q**2 + 3*q + 1. Let z be i(-3). Suppose 4*w = p + 3 + z, -w + 6 = p. Suppose -p*o + 27 = -o. What is the units digit of o?
9
Suppose -6*a = -a - 100. What is the tens digit of a?
2
Let h(c) = c**2 + c - 4. Let b be h(8). Suppose -4*q = -5*w - 68, w = 4*q + 16 - b. What is the tens digit of q?
1
Let t = -4 + -1. Let u = t + 0. Let m = -2 - u. What is the units digit of m?
3
Let v(r) = 3*r**3 + 9*r**2 + 3*r + 17. Let m(k) = 16*k**3 + 44*k**2 + 16*k + 86. Let h(q) = -2*m(q) + 11*v(q). What is the units digit of h(-11)?
4
Let q = 88 + -43. What is the tens digit of q?
4
Suppose -k - 12 = -4. Let f(t) = -t**2 - 9*t - 4. Let i be f(k). Suppose -5*s + 49 = w, -5*s - 2*w = -i*w - 52. What is the tens digit of s?
1
Suppose 162 = -x + 4*x + 2*q, -4*x + 205 = -q. What is the units digit of x?
2
Let j = 45 + -11. Suppose x + j = 3*x. What is the units digit of x?
7
Suppose 4*r = n + 2*n - 71, 0 = 4*n + 5*r - 43. What is the units digit of n?
7
Suppose 0 = -4*z + 26 + 350. What is the tens digit of z?
9
Let p(h) = h**3 - 4*h**2 + 2*h - 6. Let k be p(4). Let o be (1/((-4)/16))/(-1). What is the units digit of o + (k - 0/1)?
6
Let a = 474 - 249. What is the tens digit of a?
2
Let z(c) = -c**2 + 12*c - 3. Suppose -11 = -4*j + 3*p + 11, -29 = -3*j - 4*p. What is the units digit of z(j)?
2
Let b = -2 - -4. Suppose -3*g + 0*g - 39 = 4*x, 5*x = b*g - 20. What is the units digit of x/9 + (-22)/(-6)?
3
Suppose -c + 3*c = 48. Let v = c + -10. What is the units digit of v?
4
Let a(s) = 1 + 1 + 2*s**2 + 5 + 5*s + 3*s. What is the tens digit of a(-6)?
3
Suppose 58 = -6*i + 3*i - 2*y, 5*i + y + 92 = 0. What is the tens digit of 96/i*(1 + -4)?
1
Suppose -5*x + 4*x + 4*c + 389 = 0, 3*x = c + 1134. What is the hundreds digit of x?
3
Suppose -35 = -6*l + l. What is the units digit of l?
7
Suppose 0 = 4*x - 4*i, -20 = x - 6*x - 5*i. What is the units digit of ((-128)/(-12))/(x/6)?
2
Let q(u) = -u**3 - 4*u**2 + 6*u + 6. Let m be q(-5). Let a(j) = 3*j**2 + 2*j - 1. Let b be